 - 538. What are the prime factors of x(17)?
2, 853
Let c be -1 - 0 - (30 - 8061). Suppose -c = -15*f + 310. What are the prime factors of f?
2, 139
Let u(g) = -g - 16. Let z be u(-9). Let d(h) = 7*h**2 + 4*h + 14. List the prime factors of d(z).
7, 47
Let f(w) = -197 - 20*w - 7*w - 11*w + 0*w + 0*w. List the prime factors of f(-12).
7, 37
Let f(w) = -8*w + 26. Let p be f(-4). Let b = p + -50. Suppose 21*c = b*c + 1703. What are the prime factors of c?
131
Let u be (1 - 2)/(-3 - -2). Suppose 3*m - u = -4, -9 = -2*g + m. Suppose -5*j - 5*b = -370, 2*b + 300 = g*j + 7*b. List the prime factors of j.
2, 5, 7
Suppose -3*s - 27 = 3*t, s + 2*t - 7 = 4*s. Let y(m) = 3*m + 23. Let d be y(s). Suppose -848 = -7*b - d. List the prime factors of b.
2, 3, 5
Let p be (14/(-21))/(2*(-4)/60). Suppose -n - 3 = 0, 233 = -p*m + 4*n + 1570. List the prime factors of m.
5, 53
Let x(g) = 28*g + 4. Let r be x(3). Let i = r + -17. Let y = -46 + i. What are the prime factors of y?
5
Let i be 51/12 + (-4)/16. Suppose 3*j - 10 = 6*n - i*n, 2*n = 4*j - 10. Suppose -17*a + 14*a + 111 = j. What are the prime factors of a?
37
Suppose -4*h + 470 + 898 = 0. Suppose h = r + 4*k - 79, 0 = -2*r - 5*k + 830. List the prime factors of r.
3, 5
Let z(u) = -1037*u + 559. List the prime factors of z(-42).
31, 1423
Let x be 5 + -4 - (-1823)/(3 + -2). Suppose 18*t - 12*t - x = 0. Suppose 115 = -3*y + t. List the prime factors of y.
3, 7
Let o(a) = -28*a**3 - 5*a**2 - 3*a - 5. Let d = -49 - -46. What are the prime factors of o(d)?
5, 11, 13
Suppose 8*m = 4*m + 8. Let i(j) = -j**m - 11 - 7*j + 4*j + 16*j. List the prime factors of i(5).
29
Suppose -8*y = -7*y - 9467. Suppose -51*w + y + 37147 = 0. List the prime factors of w.
2, 457
Let z(t) be the first derivative of -4*t**3/3 - t**2 + 136*t - 39. What are the prime factors of z(0)?
2, 17
Let f(p) = 2*p**2 + p. Let m be f(1). Suppose -14 = -5*n - m*v, 3*v = 3*n + 5*v - 8. Suppose k - n*l = 3*k - 266, -5*k - l = -620. List the prime factors of k.
3, 41
Let z be (-4)/(-26) - 4/((-260)/46205). Let p = 1216 - z. Suppose 0*f + 208 = 2*f - j, 5*j = -5*f + p. List the prime factors of f.
103
Suppose -27 = y - 2*y + 4*n, -n = -5*y + 135. Let b be 7284/y + (-10)/(-45). Suppose -5*d - d = -b. What are the prime factors of d?
3, 5
Suppose 2*z + 4*q = -258, 5*z = z - 3*q - 501. Let n be (-1)/(3 + 372/z). Let k = 36 + n. What are the prime factors of k?
7, 11
Let u = -918 + 55362. List the prime factors of u.
2, 3, 13, 349
Let c(n) = -2*n**3 + 5*n**2 - n + 10313. What are the prime factors of c(0)?
10313
Let k(g) = -30*g - 41. Let p(m) = 88*m + 112. Let t(d) = -11*k(d) - 4*p(d). Suppose a + 10 = 4*u, 5*a + 4*u + 8 = -18. List the prime factors of t(a).
3, 5
Suppose 10*u - 8976 - 32184 = 0. What are the prime factors of 9/24*2 - u/(-16)?
2, 3, 43
Let d = 34 + -32. Suppose d*l + l = 24. Suppose 80 + 224 = l*i. List the prime factors of i.
2, 19
Let w = 15516 - 5645. List the prime factors of w.
9871
Let p(x) = -x**2 + 5*x + 17. Let s be p(6). Suppose s*j = 14*j - 42. List the prime factors of 12/(-7) + (-4)/j - -172.
2, 5, 17
Suppose 5*k - 3*w = -w + 78, 76 = 4*k - 5*w. Let i be (-30)/(-7) - 4/k. List the prime factors of i/(-1)*(-30)/(3 + -1).
2, 3, 5
Let s be 2/(-6) + (-208)/(-39). Let m be (3 - (-1 + 1)*-1)*91. Suppose -4*j + 180 = s*r - m, 0 = 5*j + r - 561. What are the prime factors of j?
2, 7
What are the prime factors of (((-2)/(-13) - (-2700)/(-650)) + 632)*106?
2, 53, 157
Let d = -107 - -227. Suppose -2*v = -4, -2*l + 12 = 8*v - 4*v. Suppose -h = l*h - d. What are the prime factors of h?
2, 5
Let c = -250 + 489. Let t(w) = w - 11*w - w**2 - 210 + c. What are the prime factors of t(-6)?
53
Suppose 29*m + 37*m = 51*m + 17220. List the prime factors of m.
2, 7, 41
Let a = -642 + -255. Let c = -421 - a. List the prime factors of c.
2, 7, 17
Let l be (2*1/(-3))/(11/1716). Let u = l + 109. Suppose -11*w + 510 = -u*w. What are the prime factors of w?
5, 17
Let b = 1136 + -2314. Let q = b - -2638. List the prime factors of q.
2, 5, 73
Let i be 1353/3 - (-3 + 6). Suppose -4*u - 3*f + i = 0, -f - 464 = -8*u + 4*u. Suppose -16*m - u = -21*m. What are the prime factors of m?
23
Suppose -3*j + 181 = 4*g, 2*j = -8*g + 9*g - 48. List the prime factors of (66/9)/(g/6279).
7, 11, 13
Let n = -285 + 1035. Suppose -f + n = -1187. List the prime factors of f.
13, 149
Suppose 0 = 2*z - 4*p - 11702, 18*z - 15*z = -3*p + 17580. What are the prime factors of z?
5857
Suppose 12*w = -w + 14378. Suppose 1108*u - w*u = 3034. What are the prime factors of u?
37, 41
Suppose 9*z - 16*z = -28. What are the prime factors of -1*(-3 + z - 415)?
2, 3, 23
Suppose 0 = -4*m + 11515 + 19141. List the prime factors of m.
2, 479
What are the prime factors of (62/93)/(-4 + 178924/44730)?
3, 5, 7, 71
Let c = 36923 - 21558. What are the prime factors of c?
5, 7, 439
Let b = 1006 - 560. Suppose -447*g + 221 = -b*g. What are the prime factors of g?
13, 17
Suppose -2*h = -4, 5*h + 70 = -4*q - 0*q. Let j be (-570)/(-8) + (-115)/q + -5. Suppose -i = -2*t + 250, 3*t - j = i + 302. List the prime factors of t.
2, 31
Suppose -3*t = 5*z - 2*z - 174150, 5*t = -z + 290270. What are the prime factors of t?
5, 17, 683
Suppose a - m = 30182, -151*m = 4*a - 149*m - 120770. What are the prime factors of a?
3, 29, 347
Let k = 114 - 110. Suppose 0 = -3*l + 4*c + 1417, 4 = k*c - 4. What are the prime factors of l?
5, 19
Let u(a) = -13*a + 2 - 12*a + a**2 + 5 + 5. Let k be u(18). Let g = 232 + k. List the prime factors of g.
2, 59
Let s(l) = 12*l + 82. Let n be s(-4). Let j(p) = 12*p - 27. List the prime factors of j(n).
3, 127
Suppose s + 2546 = m, 0 = 5*s + 1 + 4. Suppose 3*v + 2*y = -2*v + m, -4*v - y + 2033 = 0. What are the prime factors of v?
3, 13
Suppose 2*o = 5*m - 4303, 5*m - 3581 - 746 = -2*o. What are the prime factors of m?
863
Let j = -122 - -30. Let q = 170 - j. List the prime factors of q.
2, 131
Suppose -6*d + 2*d + 24 = 4*z, d = -5*z + 22. Suppose -o - d*o + 61 = -5*j, 0 = 3*j + 15. What are the prime factors of 4/o*(1 + 473)?
2, 79
Suppose 0 = -4*j - 4*k + 36688, -303*j + 5*k - 73382 = -311*j. List the prime factors of j.
2, 3, 11, 139
Let o = 4671 - 3040. List the prime factors of o.
7, 233
Let n(x) = -88*x**3 + 33*x**2 + 2*x - 2. Let m be n(2). Let j = 837 + m. List the prime factors of j.
3, 89
Let y be ((-3)/(-9))/((-9)/(-189)). Suppose 10*z = -y + 37. Suppose 2*o + 3*o = -j + 1283, -779 = -z*o + 4*j. What are the prime factors of o?
257
Let g be 2/((-56)/(-12) - 4). Suppose z - 20 = -2*u + 6*u, -5*z = g*u + 15. List the prime factors of -2 - u - 70/(-2).
2, 19
Suppose -57*n = -5*n - 684528. Suppose n = -27*q + 39*q. List the prime factors of q.
1097
Suppose 0 = 36*v - 26*v - 410. List the prime factors of (6 - v)/(-7)*11.
5, 11
Suppose 5*i = 3*b - 211 - 84, 4*b = 5*i + 300. Let g be (-4545)/24 + ((-162)/16)/(-27). Let c = i - g. What are the prime factors of c?
7, 19
Let c(a) = -a**3 - 2*a**2 + 4*a - 5. Let d be c(-4). Suppose -2662 = -d*h + 539. List the prime factors of h.
3, 97
Suppose 4*n = 43 + 17. Let t be 139 + n/(2 + 1). Suppose -174 = -3*b + t. List the prime factors of b.
2, 53
Let c(k) = -k**2 + 18*k - 41. Let r be c(15). Suppose -4*l - 194 - 599 = -3*b, 0 = -b + r*l + 251. What are the prime factors of b?
271
Let c = 3571 + -2127. What are the prime factors of c?
2, 19
Let x(w) = -4*w - 22. Let t be x(-7). Suppose t*u + 3 - 3 = 0. Suppose -5*p + 49 = s, 0 = -3*p - u*p + 3. List the prime factors of s.
2, 11
Suppose 1932 = -21*j + 7959. Suppose -j*n = -285*n - 926. List the prime factors of n.
463
Let d(q) = -q**2 - 17*q + 20. Let c be d(-18). Suppose -y - c = -3*y. Let u(f) = 36*f**3 + f**2 - 2*f + 1. What are the prime factors of u(y)?
2, 3
Let l(v) = 8*v + 3. Let u(z) = -z. Let i(m) = l(m) - 3*u(m). Let s be i(-1). List the prime factors of -2*(-67)/s*2*-2.
67
Let g(y) = -y - 1. Let j(s) = -17*s - 110. Let u(i) = 6*g(i) - j(i). What are the prime factors of u(4)?
2, 37
Suppose -4*l = 4*l + 8*l - 136448. List the prime factors of l.
2, 13, 41
Let v be (-6)/(-9) + (-4342)/(-3). Suppose -978 = -2*k + 5*b, -3*k + v = -3*b - 10. List the prime factors of k.
2, 11
Let m(p) = -553*p + 1701. List the prime factors of m(-20).
7, 1823
Let i(m) = m**3 - 22*m**2 + 25*m - 5. Le